023 = 3*h. Is x composite?
True
Let d(s) = s**3 - 6*s**2 - 13*s - 7. Is d(10) prime?
True
Is 4 - 149*(4 + -7) composite?
True
Let k(l) = -5*l + 19. Is k(-8) a composite number?
False
Let t(d) = d**2 - d + 194. Let m be t(0). Let p be m/7 + 6/21. Suppose -32 = -4*k + p. Is k a prime number?
False
Suppose 5*s - 2*w + 2 = 27, -s - 5*w = 22. Suppose -s*u - d + 343 = 0, -u + 2*d + 12 = -107. Is u a prime number?
False
Let t(o) = -o**3 - o**2 - o + 53. Suppose -4*p = 3*u + 2*u, 4*p = 5*u. Is t(p) composite?
False
Let j(u) = u**3 - 13*u**2 + 13*u - 7. Let p be j(12). Suppose -48 = -p*s + 2. Is s a prime number?
False
Let a = -7640 - -10749. Is a prime?
True
Suppose 3*m - 4670 = 5*g, 5*m - 1267 = -2*g + 6506. Is m a composite number?
True
Let f(x) = x**3 - x**2 + 770. Let p be f(0). Suppose -2*j + p = 3*j. Suppose 5*n - 76 = j. Is n prime?
False
Let w(i) = i**2 - 2*i - 4. Suppose 0 = -0*m - m - 5*l - 21, 5*m + 4*l = 0. Suppose 15 = -4*a - b, 3*a - b + m*b = 0. Is w(a) a prime number?
True
Suppose 13279 + 9002 = 3*j. Is j prime?
False
Suppose 5*y - 284 = y. Suppose -2*i = 31 + y. Let u = 200 + i. Is u composite?
False
Suppose 11*r - 4*r = 5369. Is r a composite number?
True
Let h(b) = b**2 - b + 4. Let k be h(3). Suppose -5*r + 5 = -g - k*r, -3*r = 2*g + 3. Is 3/9*g - -15 a composite number?
True
Let i be (2/(-6))/(2/6). Let w = 4 + i. Is w a composite number?
False
Let d(s) be the first derivative of 3*s**2/2 + s + 2. Let g = 9 - 8. Is d(g) a composite number?
True
Suppose 4 = 2*w - 0. Let j = 9 - w. Suppose u - j = -0*u. Is u a composite number?
False
Let v = 406 - 263. Is v composite?
True
Let k(g) = 2*g**2 + 8*g + 1. Suppose 4*c + 7 = 3*c. Is k(c) prime?
True
Suppose 4*y - 261 = -3*c, c - 123 = -5*y - 25. Is c prime?
True
Suppose -2*v = -5*d - 319, 0 = d + v - 1 + 62. Suppose 3*l - 282 = -0*l. Let b = d + l. Is b composite?
False
Let w(m) = -317*m + 1. Let s be w(-2). Suppose 1631 = -3*o + 521. Let r = s + o. Is r a composite number?
True
Suppose 4*v - 3630 - 7630 = 0. Is v prime?
False
Let h = -302 + 525. Is h prime?
True
Let z(m) = m**2 - 9*m + 407. Is z(0) a prime number?
False
Let z = -2205 - -4834. Is z a prime number?
False
Let z(l) = l - 8. Let b be z(8). Suppose 4*q + 62 = -0*k + 2*k, -q + 2 = b. Is k composite?
True
Let z be (-2 + 4)*(-16)/(-2). Suppose -k + 3 = -z. Is k a prime number?
True
Let h be 1/6 + 53/6. Suppose -6 = -3*v + h. Suppose 12 = j - 4*j, r + v*j + 5 = 0. Is r prime?
False
Let z = -27 - -39. Suppose -5*q = b - 22, 8*q = 2*b + 4*q + z. Suppose b*d - 7 = 31. Is d a prime number?
True
Let o = 10 - -12. Is (-4)/o + (-8412)/(-44) prime?
True
Let q(r) = -r**2 - 6*r + 10. Let s be q(-7). Suppose s*x - x = 16. Suppose l - 18 = x. Is l a prime number?
False
Suppose 0*n = -4*n + 620. Let j = -84 + n. Is j composite?
False
Let b = 49 - 21. Suppose -2*d + 122 = b. Is d composite?
False
Let p be (-25)/(-10) + 2/4. Suppose 4*j - p*x - 59 = 0, 4*j - x = 3*x + 64. Is j prime?
True
Suppose -4*h + 28 - 4 = f, 0 = -h - 3*f + 17. Suppose 2 = 4*g + 2*k - 8, -h*g + 20 = 5*k. Is (1 - g) + (5 - 1) prime?
False
Let s(y) = -y**2 + 3*y + 2. Let j(r) = -2*r + 1. Let i be j(-1). Let l be s(i). Suppose 0 = 2*k + l*k - 44. Is k a composite number?
False
Let k be 6/2 - (4 - 6). Suppose -2*w - k*h = -172, 0 = -5*w + 4*h - h + 461. Is w a prime number?
False
Let o(i) be the second derivative of -i**5/20 + 3*i**4/4 + i**3/2 + 2*i**2 - 3*i. Let a be -1 + (8 - -2*1). Is o(a) a prime number?
True
Let w = 760 + 21. Is w composite?
True
Is 6/10 + 1716/15 a prime number?
False
Suppose 3*m - 17 = -x, -3*x + 5*m + 61 + 18 = 0. Is x a composite number?
False
Let b(n) = -n**3 + n**2 + n + 1. Let v(l) = -66*l**3 + 77*l**2 + 77*l + 77. Let h(f) = 154*b(f) - 2*v(f). Let x(d) = d - 2. Let r be x(1). Is h(r) composite?
True
Let i be (0 - -2) + 0 + 3. Suppose -5*p - 25 = 0, -4*f + 5*p + 154 = -3*f. Suppose i*y - f - 106 = 0. Is y a composite number?
False
Let w = 2967 + -1120. Is w composite?
False
Suppose 0 = -0*p - p + 179. Suppose -5*f - r = -4*r - 674, 0 = -f + 2*r + 132. Suppose p = 4*q - 5*k, 5*q = -k + f + 124. Is q composite?
True
Let z be 1052 - 3*(-2 - -1). Suppose -9*r + 4*r = -z. Is r composite?
False
Suppose 2*s + 2 = -4*l, 4*l - 2*l + 21 = -5*s. Let u(p) = -p**3 - p**2 + 2*p - 1. Is u(s) a composite number?
False
Let g be 168/60 + (-2)/(-10). Suppose m + 24 = 4*m. Suppose -m = -g*s + 187. Is s a composite number?
True
Let i be 1 + 2 - 9/3. Suppose i = -2*y - y + 21. Is y prime?
True
Let z be ((3 + -3)/4)/2. Suppose -h = h - 5*r - 581, -h + r + 295 = z. Is h prime?
False
Let b(q) = 2*q + 1. Let a be b(-2). Let z be 293/(-3) - 2/a. Let r = z - -182. Is r prime?
False
Suppose -2*y = y + 135. Is (-236)/(-5) - (-9)/y composite?
False
Suppose 2*g - 6591 = -5*a, -2*a + 3*g = a - 3963. Is a a prime number?
True
Let n(y) = -2 + 0*y**2 - 2*y + y**2 + y**3 + 3 + 0. Let k be n(-2). Is 2/k*343/14 a composite number?
True
Is 379/2*(3 + -1) a prime number?
True
Suppose -5*s + 0*f + f = -42, -s = 5*f + 2. Let d = 5 + s. Is d a prime number?
True
Suppose 4*z - 56 = -0*z. Let k = z + 179. Suppose -t + k = 3*o, o - 5*t = -4*o + 335. Is o prime?
False
Suppose -w - g = 21 - 66, 0 = 4*g + 8. Is w composite?
False
Is (2014/(-57))/(-2*(-1)/(-87)) prime?
False
Let g(x) = x**3 + 16*x**2 - 16*x + 41. Let c be g(-17). Let r be 52/3 + 4/6. Suppose -r = -3*p + c. Is p composite?
True
Let p = -3 + -1. Let j = 13 - 2. Let c = j + p. Is c composite?
False
Let o = 0 + -9. Let n(z) = z**2 + 13*z + 18. Let m(p) = p**2 + 13*p + 19. Let q(i) = 5*m(i) - 6*n(i). Is q(o) a composite number?
False
Suppose -4*r = 4*k - 2*r - 140, 3*k = r + 115. Is k a composite number?
False
Let a(c) = 29*c + 1. Is a(2) prime?
True
Is (-12)/(4/(-1))*277 prime?
False
Let v = 7 + -6. Is 3/3*v + 54 composite?
True
Let z be (6 - 0)/((-6)/(-16)). Is (-278)/(-8) - (-4)/z composite?
True
Suppose 309 = -3*z - f + 4508, -4*z + 4*f = -5588. Is z a composite number?
False
Let z = 56 + -101. Let r = 14 - z. Is r composite?
False
Suppose u + 22 = 55. Suppose 6*k = 3*k + 9. Suppose 2*d = k*v - u, -d + 3 + 0 = 0. Is v composite?
False
Suppose h + 4*h - 50 = 0. Let t be (-4)/h + (-1146)/(-15). Suppose 5*q - t = q. Is q a prime number?
True
Suppose 0 = 3*p - 5*p - y + 3009, -5*p = -5*y - 7530. Suppose -4*w = w - p. Is w a composite number?
True
Suppose 2*a + a + 281 = -2*c, 5*c - 10 = 0. Let p = 46 - a. Is p prime?
False
Suppose 0*o + 3*j = 4*o - 4, -4*o = 3*j - 4. Let l(r) = r**2. Let g(d) = 72*d**2 - 1. Let w(i) = g(i) - 6*l(i). Is w(o) a composite number?
True
Let r(n) = 14*n - 1. Let o be r(1). Let i be (0*(-3)/(-6))/1. Let g = i + o. Is g a prime number?
True
Suppose 0 = -3*d - d + 1340. Is d composite?
True
Let w(a) = 17*a**2 + 4*a + 4. Is w(-3) a composite number?
True
Suppose 0 = h - 0*h - 5. Let p(x) = x**3 - 6*x**2 + 5*x + 7. Let i be p(h). Suppose -i*u = -3*u - 1876. Is u a prime number?
False
Suppose -2 = -q - 6, -o - 5*q + 521 = 0. Is o composite?
False
Suppose 334 = 2*k - m - 3*m, 2*m - 147 = -k. Is k composite?
False
Let y(c) = -17*c**3 - c**2 - 1. Suppose -5*m - 15 = 0, 2*h + 2*m = 6*h + 6. Is y(h) a prime number?
True
Suppose 0 = -2*j - 6, 2*v + j - 3*j = 748. Is v a composite number?
True
Let x(d) = 3*d + 3*d + 0*d + 1. Let g be x(1). Suppose -44 = 3*c - g*c. Is c a prime number?
True
Let z = 0 - 1. Let v be (3 - (-3 + 1)) + z. Suppose -89 = -2*s + 5*q, -s + 49 = -0*q - v*q. Is s a prime number?
True
Let z be (0/(2 + -3))/(-2). Let i be 2*1 - z/(-1). Is 5*2/(i/2) composite?
True
Is 1/((-3)/(-3296)) + 9/27 a composite number?
True
Suppose -3 = -m - 5, 3*p + 3*m - 4077 = 0. Is p a prime number?
True
Let v(z) = -1719*z**3 + 2*z**2 + 4*z + 4. Is v(-1) a prime number?
True
Let r = -31 - -60. Suppose -3*f + r = -2*g - 44, -2*f + 62 = -4*g. Is f a prime number?
False
Let c(b) = 4*b + 1. Suppose 4*v = -z + 13, 5*v - 5*z - 10 = -0*z. Is c(v) composite?
False
Let d(p) = 22*p - 8. Let i be d(6). Let v = 227 - i. Is v prime?
True
Is (-1)/((-4)/(-404))*-23 a prime number?
False
Let y(c) = c**3 - c**2 + 247. Is y(0) a prime number?
False
Suppose 7 + 5 = 4*g. Suppose -4*v = 4, -4*b + 218 = -v + g*v. Is b prime?
False
Suppose 4*w = 4*d - 8, -4*d - 3*w = -9*d + 20. Let c = d - 5. Suppose -5*o - 4*f = -465, 0 = c*o + 5*f + 7 - 2